{"id":145,"date":"2018-12-25T21:49:12","date_gmt":"2018-12-25T20:49:12","guid":{"rendered":"http:\/\/allonsvoir.eu\/?page_id=145"},"modified":"2024-06-25T23:48:47","modified_gmt":"2024-06-25T21:48:47","slug":"sites","status":"publish","type":"page","link":"https:\/\/allonsvoir.eu\/index.php\/sites\/","title":{"rendered":"Les sites du parcours"},"content":{"rendered":"\n<p>Pour l&rsquo;\u00e9dition de l&rsquo;\u00e9t\u00e9 2024, les artistes invit\u00e9s interviendront sur divers sites du patrimoine rural du Pays Fort, territoire du Nord du Cher, entre la Sologne et le Sancerrois. Le circuit comprend \u00e0 ce jour les lieux suivants:<\/p>\n\n\n\n<p>La grange pyramidale de <strong>Joliveau <\/strong>(datant de 1505), sur la commune d\u2019Assigny, tr\u00e8s bien entretenue, appartient \u00e0 un ensemble  de b\u00e2timents rassembl\u00e9s autour d&rsquo;une cour pav\u00e9e avec le <a href=\"https:\/\/www.tourisme-sancerre.com\/hebergement-locatif\/gite-du-joliveau-assigny\/\">g\u00eete du Joliveau<\/a>.<\/p>\n\n\n\n<p>Remerciements \u00e0 Corinne et Roger Leli\u00e8vre de nous accueillir dans leur ferme.<\/p>\n\n\n\n<figure class=\"wp-block-image size-large\"><img loading=\"lazy\" decoding=\"async\" width=\"1024\" height=\"768\" src=\"https:\/\/allonsvoir.eu\/wp-content\/uploads\/2020\/01\/Joliveau3-1024x768.jpg\" alt=\"\" class=\"wp-image-608\" srcset=\"https:\/\/allonsvoir.eu\/wp-content\/uploads\/2020\/01\/Joliveau3-1024x768.jpg 1024w, https:\/\/allonsvoir.eu\/wp-content\/uploads\/2020\/01\/Joliveau3-300x225.jpg 300w, https:\/\/allonsvoir.eu\/wp-content\/uploads\/2020\/01\/Joliveau3-768x576.jpg 768w, https:\/\/allonsvoir.eu\/wp-content\/uploads\/2020\/01\/Joliveau3-1536x1152.jpg 1536w, https:\/\/allonsvoir.eu\/wp-content\/uploads\/2020\/01\/Joliveau3-1200x900.jpg 1200w, https:\/\/allonsvoir.eu\/wp-content\/uploads\/2020\/01\/Joliveau3.jpg 2016w\" sizes=\"auto, (max-width: 709px) 85vw, (max-width: 909px) 67vw, (max-width: 1362px) 62vw, 840px\" \/><\/figure>\n\n\n\n<p class=\"has-text-align-center has-large-font-size\">*<\/p>\n\n\n\n<p>Le fa\u00eet des Marnes, \u00e0 Assigny, est le point culminant du Pays Fort, d&rsquo;o\u00f9 on peut avoir une vue panoramique sur la vall\u00e9e de la Loire, le Sancerrois, et le Morvan.<\/p>\n\n\n\n<figure class=\"wp-block-image size-large\"><img loading=\"lazy\" decoding=\"async\" width=\"1024\" height=\"768\" src=\"https:\/\/allonsvoir.eu\/wp-content\/uploads\/2024\/06\/Fait-des-Marnes2-1024x768.jpg\" alt=\"\" class=\"wp-image-1545\" srcset=\"https:\/\/allonsvoir.eu\/wp-content\/uploads\/2024\/06\/Fait-des-Marnes2-1024x768.jpg 1024w, https:\/\/allonsvoir.eu\/wp-content\/uploads\/2024\/06\/Fait-des-Marnes2-300x225.jpg 300w, https:\/\/allonsvoir.eu\/wp-content\/uploads\/2024\/06\/Fait-des-Marnes2-768x576.jpg 768w, https:\/\/allonsvoir.eu\/wp-content\/uploads\/2024\/06\/Fait-des-Marnes2-1536x1152.jpg 1536w, https:\/\/allonsvoir.eu\/wp-content\/uploads\/2024\/06\/Fait-des-Marnes2-2048x1536.jpg 2048w, https:\/\/allonsvoir.eu\/wp-content\/uploads\/2024\/06\/Fait-des-Marnes2-1200x900.jpg 1200w\" sizes=\"auto, (max-width: 709px) 85vw, (max-width: 909px) 67vw, (max-width: 1362px) 62vw, 840px\" \/><\/figure>\n\n\n\n<p><\/p>\n\n\n\n<h2 class=\"wp-block-heading has-text-align-center\"><strong>*<\/strong><\/h2>\n\n\n\n<p>La grange pyramidale class\u00e9e du <strong>Moulin Riche<\/strong>, sur la commune de Concressault, s&rsquo;inscrit dans un ensemble remarquable compos\u00e9 d&rsquo;un moulin, d&rsquo;une \u00ab\u00a0boulangerie\u00a0\u00bb, d&rsquo;une long\u00e8re, et de divers corps de ferme.<\/p>\n\n\n\n<p>Remerciements \u00e0 M. et Mme Fleuriet pour leur accueil au Moulin Riche.<\/p>\n\n\n\n<figure class=\"wp-block-image size-large\"><img loading=\"lazy\" decoding=\"async\" width=\"1024\" height=\"1024\" src=\"https:\/\/allonsvoir.eu\/wp-content\/uploads\/2020\/01\/MR3-1024x1024.jpg\" alt=\"\" class=\"wp-image-609\" srcset=\"https:\/\/allonsvoir.eu\/wp-content\/uploads\/2020\/01\/MR3-1024x1024.jpg 1024w, https:\/\/allonsvoir.eu\/wp-content\/uploads\/2020\/01\/MR3-300x300.jpg 300w, https:\/\/allonsvoir.eu\/wp-content\/uploads\/2020\/01\/MR3-150x150.jpg 150w, https:\/\/allonsvoir.eu\/wp-content\/uploads\/2020\/01\/MR3-768x768.jpg 768w, https:\/\/allonsvoir.eu\/wp-content\/uploads\/2020\/01\/MR3-1200x1200.jpg 1200w, https:\/\/allonsvoir.eu\/wp-content\/uploads\/2020\/01\/MR3-rotated.jpg 1512w\" sizes=\"auto, (max-width: 709px) 85vw, (max-width: 909px) 67vw, (max-width: 1362px) 62vw, 840px\" \/><\/figure>\n\n\n\n<p><\/p>\n\n\n\n<p class=\"has-text-align-center has-large-font-size\">*<\/p>\n\n\n\n<p>La grange pyramidale de <strong>Vailly-sur-Sauldre<\/strong>, restaur\u00e9e par la communaut\u00e9 de communes, abrite un mus\u00e9e de la vie rurale et l&rsquo;office du tourisme.<\/p>\n\n\n\n<p>Remerciements \u00e0 la communaut\u00e9 de communes Pays Fort &#8211; Sancerrois &#8211; Val de Loire, \u00e0 la mairie de Vailly, et \u00e0 l&rsquo;office de tourisme pour leur accueil dans la grange, et \u00e0 Mme Doisne Ferr\u00e9 pour son aide amicale sur tout le projet.<\/p>\n\n\n\n<figure class=\"wp-block-image size-large\"><img loading=\"lazy\" decoding=\"async\" width=\"1024\" height=\"768\" src=\"https:\/\/allonsvoir.eu\/wp-content\/uploads\/2020\/01\/Vailly4-1024x768.jpg\" alt=\"\" class=\"wp-image-610\" srcset=\"https:\/\/allonsvoir.eu\/wp-content\/uploads\/2020\/01\/Vailly4-1024x768.jpg 1024w, https:\/\/allonsvoir.eu\/wp-content\/uploads\/2020\/01\/Vailly4-300x225.jpg 300w, https:\/\/allonsvoir.eu\/wp-content\/uploads\/2020\/01\/Vailly4-768x576.jpg 768w, https:\/\/allonsvoir.eu\/wp-content\/uploads\/2020\/01\/Vailly4-1536x1152.jpg 1536w, https:\/\/allonsvoir.eu\/wp-content\/uploads\/2020\/01\/Vailly4-1200x900.jpg 1200w, https:\/\/allonsvoir.eu\/wp-content\/uploads\/2020\/01\/Vailly4.jpg 2016w\" sizes=\"auto, (max-width: 709px) 85vw, (max-width: 909px) 67vw, (max-width: 1362px) 62vw, 840px\" \/><\/figure>\n\n\n\n<p><\/p>\n\n\n\n<p class=\"has-text-align-center has-large-font-size\"><strong>*<\/strong><\/p>\n\n\n\n<p>Longeant la route qui m\u00e8ne de Barlieu \u00e0 Vailly, les silos de Badineau arborent une oeuvre p\u00e9renne monumentale cr\u00e9\u00e9e en 2022 par Claude Pasquer : <em>Polyrythmie<\/em>.<\/p>\n\n\n\n<p>Remerciements aux \u00e9tablissements Martignon SAS pour leur collaboration<\/p>\n\n\n\n<figure class=\"wp-block-image size-large\"><img loading=\"lazy\" decoding=\"async\" width=\"1024\" height=\"576\" src=\"https:\/\/allonsvoir.eu\/wp-content\/uploads\/2022\/12\/silos-drone-1024x576.jpg\" alt=\"\" class=\"wp-image-1245\" srcset=\"https:\/\/allonsvoir.eu\/wp-content\/uploads\/2022\/12\/silos-drone-1024x576.jpg 1024w, https:\/\/allonsvoir.eu\/wp-content\/uploads\/2022\/12\/silos-drone-300x169.jpg 300w, https:\/\/allonsvoir.eu\/wp-content\/uploads\/2022\/12\/silos-drone-768x432.jpg 768w, https:\/\/allonsvoir.eu\/wp-content\/uploads\/2022\/12\/silos-drone-1536x864.jpg 1536w, https:\/\/allonsvoir.eu\/wp-content\/uploads\/2022\/12\/silos-drone-2048x1152.jpg 2048w, https:\/\/allonsvoir.eu\/wp-content\/uploads\/2022\/12\/silos-drone-1200x675.jpg 1200w\" sizes=\"auto, (max-width: 709px) 85vw, (max-width: 909px) 67vw, (max-width: 1362px) 62vw, 840px\" \/><figcaption class=\"wp-element-caption\">Polyrythmie, Claude Pasquer, Peinture acrylique sur acier galvanis\u00e9, 2022<\/figcaption><\/figure>\n\n\n\n<p class=\"has-text-align-center has-large-font-size\"><strong>*<\/strong><\/p>\n\n\n\n<p>Dans le centre du village de Barlieu, le lavoir.<\/p>\n\n\n\n<p>Remerciements \u00e0 la mairie de Barlieu pour la mise \u00e0 disposition de l&rsquo;espace.<\/p>\n\n\n\n<figure class=\"wp-block-image size-large is-resized\"><img loading=\"lazy\" decoding=\"async\" width=\"768\" height=\"1024\" src=\"https:\/\/allonsvoir.eu\/wp-content\/uploads\/2023\/06\/Barlieu2-bd-768x1024.jpg\" alt=\"\" class=\"wp-image-1331\" style=\"width:630px;height:840px\" srcset=\"https:\/\/allonsvoir.eu\/wp-content\/uploads\/2023\/06\/Barlieu2-bd-768x1024.jpg 768w, https:\/\/allonsvoir.eu\/wp-content\/uploads\/2023\/06\/Barlieu2-bd-225x300.jpg 225w, https:\/\/allonsvoir.eu\/wp-content\/uploads\/2023\/06\/Barlieu2-bd-1152x1536.jpg 1152w, https:\/\/allonsvoir.eu\/wp-content\/uploads\/2023\/06\/Barlieu2-bd-1536x2048.jpg 1536w, https:\/\/allonsvoir.eu\/wp-content\/uploads\/2023\/06\/Barlieu2-bd-1200x1600.jpg 1200w, https:\/\/allonsvoir.eu\/wp-content\/uploads\/2023\/06\/Barlieu2-bd-scaled.jpg 1920w\" sizes=\"auto, (max-width: 768px) 85vw, 768px\" \/><\/figure>\n\n\n\n<p class=\"has-text-align-center has-large-font-size\"><\/p>\n\n\n\n<h2 class=\"wp-block-heading has-text-align-center has-large-font-size\"><strong>*<\/strong><\/h2>\n\n\n\n<p>Derri\u00e8re l&rsquo;\u00e9glise de Thou, le lavoir envahi par la v\u00e9g\u00e9tation au bord de la petite route de Villegenon, o\u00f9 Baptiste Debombourg installera une oeuvre p\u00e9renne.<\/p>\n\n\n\n<p>Remerciements \u00e0 la mairie de Thou pour la mise \u00e0 disposition du lieu.<\/p>\n\n\n\n<figure class=\"wp-block-image size-large\"><img loading=\"lazy\" decoding=\"async\" width=\"768\" height=\"1024\" src=\"https:\/\/allonsvoir.eu\/wp-content\/uploads\/2023\/06\/Thou2-bd-768x1024.jpg\" alt=\"\" class=\"wp-image-1332\" srcset=\"https:\/\/allonsvoir.eu\/wp-content\/uploads\/2023\/06\/Thou2-bd-768x1024.jpg 768w, https:\/\/allonsvoir.eu\/wp-content\/uploads\/2023\/06\/Thou2-bd-225x300.jpg 225w, https:\/\/allonsvoir.eu\/wp-content\/uploads\/2023\/06\/Thou2-bd-1152x1536.jpg 1152w, https:\/\/allonsvoir.eu\/wp-content\/uploads\/2023\/06\/Thou2-bd-1536x2048.jpg 1536w, https:\/\/allonsvoir.eu\/wp-content\/uploads\/2023\/06\/Thou2-bd-1200x1600.jpg 1200w, https:\/\/allonsvoir.eu\/wp-content\/uploads\/2023\/06\/Thou2-bd-scaled.jpg 1920w\" sizes=\"auto, (max-width: 768px) 85vw, 768px\" \/><\/figure>\n\n\n\n<h2 class=\"wp-block-heading has-text-align-center has-large-font-size\">*<\/h2>\n\n\n\n<p>A Dampierre-en-Crot , le lavoir, route de Thou.<\/p>\n\n\n\n<p>Remerciements \u00e0 la mairie de Dampierre-en-Crot pour la mise \u00e0 disposition du lieu.<\/p>\n\n\n<div class=\"wp-block-image\">\n<figure class=\"aligncenter size-full is-resized\"><img loading=\"lazy\" decoding=\"async\" width=\"320\" height=\"240\" src=\"https:\/\/allonsvoir.eu\/wp-content\/uploads\/2024\/06\/Lavoir-de-Dampierre-en-Crot.jpeg\" alt=\"\" class=\"wp-image-1544\" style=\"width:630px;height:auto\" srcset=\"https:\/\/allonsvoir.eu\/wp-content\/uploads\/2024\/06\/Lavoir-de-Dampierre-en-Crot.jpeg 320w, https:\/\/allonsvoir.eu\/wp-content\/uploads\/2024\/06\/Lavoir-de-Dampierre-en-Crot-300x225.jpeg 300w\" sizes=\"auto, (max-width: 320px) 85vw, 320px\" \/><\/figure>\n<\/div>\n\n\n<p><\/p>\n\n\n\n<h2 class=\"wp-block-heading has-text-align-center has-large-font-size\">*<\/h2>\n\n\n\n<figure class=\"wp-block-image size-large\"><img loading=\"lazy\" decoding=\"async\" width=\"1024\" height=\"689\" src=\"https:\/\/allonsvoir.eu\/wp-content\/uploads\/2024\/06\/plan_sites_2023-1024x689.jpg\" alt=\"\" class=\"wp-image-1547\" srcset=\"https:\/\/allonsvoir.eu\/wp-content\/uploads\/2024\/06\/plan_sites_2023-1024x689.jpg 1024w, https:\/\/allonsvoir.eu\/wp-content\/uploads\/2024\/06\/plan_sites_2023-300x202.jpg 300w, https:\/\/allonsvoir.eu\/wp-content\/uploads\/2024\/06\/plan_sites_2023-768x517.jpg 768w, https:\/\/allonsvoir.eu\/wp-content\/uploads\/2024\/06\/plan_sites_2023-1536x1034.jpg 1536w, https:\/\/allonsvoir.eu\/wp-content\/uploads\/2024\/06\/plan_sites_2023-1200x808.jpg 1200w, https:\/\/allonsvoir.eu\/wp-content\/uploads\/2024\/06\/plan_sites_2023.jpg 1701w\" sizes=\"auto, (max-width: 709px) 85vw, (max-width: 909px) 67vw, (max-width: 1362px) 62vw, 840px\" \/><\/figure>\n\n\n\n<figure class=\"wp-block-image size-large\"><img loading=\"lazy\" decoding=\"async\" width=\"1024\" height=\"796\" src=\"https:\/\/allonsvoir.eu\/wp-content\/uploads\/2023\/06\/plan_situation-2023-1024x796.jpg\" alt=\"\" class=\"wp-image-1342\" srcset=\"https:\/\/allonsvoir.eu\/wp-content\/uploads\/2023\/06\/plan_situation-2023-1024x796.jpg 1024w, https:\/\/allonsvoir.eu\/wp-content\/uploads\/2023\/06\/plan_situation-2023-300x233.jpg 300w, https:\/\/allonsvoir.eu\/wp-content\/uploads\/2023\/06\/plan_situation-2023-768x597.jpg 768w, https:\/\/allonsvoir.eu\/wp-content\/uploads\/2023\/06\/plan_situation-2023-1536x1194.jpg 1536w, https:\/\/allonsvoir.eu\/wp-content\/uploads\/2023\/06\/plan_situation-2023-1200x933.jpg 1200w, https:\/\/allonsvoir.eu\/wp-content\/uploads\/2023\/06\/plan_situation-2023.jpg 1972w\" sizes=\"auto, (max-width: 709px) 85vw, (max-width: 909px) 67vw, (max-width: 1362px) 62vw, 840px\" \/><\/figure>\n","protected":false},"excerpt":{"rendered":"<p>Pour l&rsquo;\u00e9dition de l&rsquo;\u00e9t\u00e9 2024, les artistes invit\u00e9s interviendront sur divers sites du patrimoine rural du Pays Fort, territoire du Nord du Cher, entre la Sologne et le Sancerrois. Le circuit comprend \u00e0 ce jour les lieux suivants: La grange pyramidale de Joliveau (datant de 1505), sur la commune d\u2019Assigny, tr\u00e8s bien entretenue, appartient \u00e0 &hellip; <a href=\"https:\/\/allonsvoir.eu\/index.php\/sites\/\" class=\"more-link\">Continuer la lecture<span class=\"screen-reader-text\"> de &laquo;&nbsp;Les sites du parcours&nbsp;&raquo;<\/span><\/a><\/p>\n","protected":false},"author":1,"featured_media":0,"parent":0,"menu_order":0,"comment_status":"closed","ping_status":"closed","template":"","meta":{"footnotes":""},"class_list":["post-145","page","type-page","status-publish","hentry"],"_links":{"self":[{"href":"https:\/\/allonsvoir.eu\/index.php\/wp-json\/wp\/v2\/pages\/145","targetHints":{"allow":["GET"]}}],"collection":[{"href":"https:\/\/allonsvoir.eu\/index.php\/wp-json\/wp\/v2\/pages"}],"about":[{"href":"https:\/\/allonsvoir.eu\/index.php\/wp-json\/wp\/v2\/types\/page"}],"author":[{"embeddable":true,"href":"https:\/\/allonsvoir.eu\/index.php\/wp-json\/wp\/v2\/users\/1"}],"replies":[{"embeddable":true,"href":"https:\/\/allonsvoir.eu\/index.php\/wp-json\/wp\/v2\/comments?post=145"}],"version-history":[{"count":36,"href":"https:\/\/allonsvoir.eu\/index.php\/wp-json\/wp\/v2\/pages\/145\/revisions"}],"predecessor-version":[{"id":1549,"href":"https:\/\/allonsvoir.eu\/index.php\/wp-json\/wp\/v2\/pages\/145\/revisions\/1549"}],"wp:attachment":[{"href":"https:\/\/allonsvoir.eu\/index.php\/wp-json\/wp\/v2\/media?parent=145"}],"curies":[{"name":"wp","href":"https:\/\/api.w.org\/{rel}","templated":true}]}}